e factors of 4432?
2, 277
List the prime factors of 22678.
2, 17, 23, 29
List the prime factors of 1561.
7, 223
What are the prime factors of 10003?
7, 1429
What are the prime factors of 16668?
2, 3, 463
List the prime factors of 6751.
43, 157
List the prime factors of 151.
151
What are the prime factors of 1969?
11, 179
List the prime factors of 20771.
20771
List the prime factors of 300.
2, 3, 5
List the prime factors of 5328.
2, 3, 37
What are the prime factors of 3972?
2, 3, 331
List the prime factors of 18217.
18217
What are the prime factors of 79224?
2, 3, 3301
List the prime factors of 13105.
5, 2621
List the prime factors of 15397.
89, 173
What are the prime factors of 3499?
3499
What are the prime factors of 503?
503
List the prime factors of 3108.
2, 3, 7, 37
What are the prime factors of 96?
2, 3
List the prime factors of 16437.
3, 5479
What are the prime factors of 18460?
2, 5, 13, 71
What are the prime factors of 13996?
2, 3499
List the prime factors of 16973.
11, 1543
What are the prime factors of 154510?
2, 5, 15451
What are the prime factors of 1956?
2, 3, 163
What are the prime factors of 14085?
3, 5, 313
List the prime factors of 37321.
37321
What are the prime factors of 1570?
2, 5, 157
What are the prime factors of 1313?
13, 101
What are the prime factors of 3973?
29, 137
List the prime factors of 32620.
2, 5, 7, 233
What are the prime factors of 1097?
1097
What are the prime factors of 917?
7, 131
What are the prime factors of 37080?
2, 3, 5, 103
List the prime factors of 73218.
2, 3, 12203
What are the prime factors of 517?
11, 47
What are the prime factors of 3482?
2, 1741
List the prime factors of 686.
2, 7
List the prime factors of 2564.
2, 641
What are the prime factors of 45708?
2, 3, 13, 293
What are the prime factors of 42536?
2, 13, 409
List the prime factors of 52148.
2, 13037
What are the prime factors of 11527?
11527
What are the prime factors of 24153?
3, 83, 97
What are the prime factors of 521?
521
List the prime factors of 278.
2, 139
List the prime factors of 3466.
2, 1733
What are the prime factors of 14480?
2, 5, 181
What are the prime factors of 25818?
2, 3, 13, 331
List the prime factors of 7637.
7, 1091
What are the prime factors of 2172?
2, 3, 181
List the prime factors of 2935.
5, 587
List the prime factors of 60845.
5, 43, 283
List the prime factors of 616.
2, 7, 11
List the prime factors of 35015.
5, 47, 149
List the prime factors of 3718.
2, 11, 13
List the prime factors of 1356.
2, 3, 113
List the prime factors of 27482.
2, 7, 13, 151
List the prime factors of 52601.
23, 2287
List the prime factors of 2617.
2617
List the prime factors of 2814.
2, 3, 7, 67
List the prime factors of 17354.
2, 8677
What are the prime factors of 681?
3, 227
List the prime factors of 321.
3, 107
List the prime factors of 581.
7, 83
List the prime factors of 22336.
2, 349
What are the prime factors of 3034?
2, 37, 41
List the prime factors of 9508.
2, 2377
List the prime factors of 172.
2, 43
What are the prime factors of 62872?
2, 29, 271
List the prime factors of 1194.
2, 3, 199
List the prime factors of 4927.
13, 379
List the prime factors of 6989.
29, 241
List the prime factors of 15594.
2, 3, 23, 113
What are the prime factors of 1679?
23, 73
List the prime factors of 194.
2, 97
What are the prime factors of 116150?
2, 5, 23, 101
What are the prime factors of 197776?
2, 47, 263
What are the prime factors of 3015?
3, 5, 67
What are the prime factors of 38053?
38053
What are the prime factors of 8389?
8389
List the prime factors of 7761.
3, 13, 199
List the prime factors of 9871.
9871
List the prime factors of 447.
3, 149
What are the prime factors of 764?
2, 191
List the prime factors of 1453.
1453
What are the prime factors of 529?
23
List the prime factors of 15439.
15439
What are the prime factors of 3933?
3, 19, 23
What are the prime factors of 87?
3, 29
List the prime factors of 259.
7, 37
What are the prime factors of 2089?
2089
List the prime factors of 3938.
2, 11, 179
What are the prime factors of 5320?
2, 5, 7, 19
List the prime factors of 46383.
3, 15461
What are the prime factors of 2877?
3, 7, 137
List the prime factors of 6444.
2, 3, 179
List the prime factors of 1527.
3, 509
What are the prime factors of 1119?
3, 373
List the prime factors of 5349.
3, 1783
What are the prime factors of 1307?
1307
What are the prime factors of 4683?
3, 7, 223
List the prime factors of 137953.
29, 67, 71
What are the prime factors of 368?
2, 23
List the prime factors of 5333.
5333
What are the prime factors of 1009?
1009
What are the prime factors of 9974?
2, 4987
What are the prime factors of 6793?
6793
List the prime factors of 1497.
3, 499
List the prime factors of 5551.
7, 13, 61
What are the prime factors of 1002?
2, 3, 167
List the prime factors of 2795.
5, 13, 43
List the prime factors of 957.
3, 11, 29
List the prime factors of 27811.
7, 29, 137
What are the prime factors of 556?
2, 139
What are the prime factors of 485?
5, 97
What are the prime factors of 15348?
2, 3, 1279
List the prime factors of 6792.
2, 3, 283
What are the prime factors of 2827?
11, 257
List the prime factors of 5106.
2, 3, 23, 37
What are the prime factors of 6379?
6379
What are the prime factors of 1906?
2, 953
What are the prime factors of 47156?
2, 11789
What are the prime factors of 17186?
2, 13, 661
List the prime factors of 34958.
2, 7, 11, 227
List the prime factors of 4623.
3, 23, 67
List the prime factors of 2321.
11, 211
What are the prime factors of 3926?
2, 13, 151
List the prime factors of 19639.
41, 479
What are the prime factors of 1998?
2, 3, 37
What are the prime factors of 69235?
5, 61, 227
What are the prime factors of 143888?
2, 17, 23
What are the prime factors of 2080?
2, 5, 13
What are the prime factors of 39459?
3, 7, 1879
List the prime factors of 5926.
2, 2963
What are the prime factors of 7109?
7109
List the prime factors of 2630.
2, 5, 263
What are the prime factors of 24824?
2, 29, 107
What are the prime factors of 4748?
2, 1187
What are the prime factors of 1512?
2, 3, 7
What are the prime factors of 4177?
4177
List the prime factors of 78081.
3, 17, 1531
What are the prime factors of 2919?
3, 7, 139
List the prime factors of 20911.
11, 1901
What are the prime factors of 506?
2, 11, 23
What are the prime factors of 135?
3, 5
What are the prime factors of 9526?
2, 11, 433
What are the prime factors of 26645?
5, 73
What are the prime factors of 4688?
2, 293
What are the prime factors of 267?
3, 89
What are the prime factors of 14917?
7, 2131
List the prime factors of 19081.
19081
List the prime factors of 56589.
3, 13, 1451
What are the prime factors of 883?
883
What are the prime factors of 9964?
2, 47, 53
What are the prime factors of 75304?
2, 9413
What are the prime factors of 129629?
129629
What are the prime factors of 18356?
2, 13, 353
List the prime factors of 942.
2, 3, 157
What are the prime factors of 69212?
2, 11, 13
What are the prime factors of 9068?
2, 2267
What are the prime factors of 1107?
3, 41
List the prime factors of 127336.
2, 11, 1447
What are the prime factors of 51782?
2, 17, 1523
List the prime factors of 28265.
5, 5653
List the prime factors of 10433.
10433
List the prime factors of 30021.
3, 10007
What are the prime factors of 7907?
7907
What are the prime factors of 1052?
2, 263
What are the prime factors of 78996?
2, 3, 29, 227
What are the prime factors of 1608?
2, 3, 67
What are the prime factors of 6903?
3, 13, 59
List the prime factors of 18867.
3, 19, 331
What are the prime factors of 1143?
3, 127
List the prime factors of 13306.
2, 6653
What are the prime factors of 4457?
4457
What are the prime factors of 52096?
2, 11, 37
List the prime factors of 12154.
2, 59, 103
List the prime factors of 23555.
5, 7, 673
What are the prime factors of 21649?
21649
What are the prime factors of 1862?
2, 7, 19
What are the prime factors of 1997?
1997
List the prime factors of 18615.
3, 5, 17, 73
List the prime factors of 811.
811
What are the prime factors of 32138?
2, 16069
List the prime factors of 296.
2, 37
List the prime factors of 32997.
3, 17, 647
List the prime factors of 647.
647
List the prime factors of 3625.
5, 29
What are the prime factors of 6039?
3, 11, 61
What are the